nder when 855 is divided by 41?
35
Calculate the remainder when 183 is divided by 37.
35
Calculate the remainder when 1042 is divided by 87.
85
Calculate the remainder when 6127 is divided by 10.
7
What is the remainder when 592 is divided by 116?
12
What is the remainder when 25 is divided by 16?
9
What is the remainder when 64 is divided by 23?
18
What is the remainder when 210 is divided by 55?
45
Calculate the remainder when 22 is divided by 7.
1
Calculate the remainder when 342 is divided by 35.
27
What is the remainder when 49 is divided by 7?
0
What is the remainder when 3121 is divided by 22?
19
Calculate the remainder when 40 is divided by 15.
10
What is the remainder when 1288 is divided by 110?
78
Calculate the remainder when 1700 is divided by 46.
44
What is the remainder when 85 is divided by 30?
25
Calculate the remainder when 754 is divided by 69.
64
Calculate the remainder when 2469 is divided by 12.
9
What is the remainder when 647 is divided by 18?
17
Calculate the remainder when 265 is divided by 23.
12
Calculate the remainder when 289 is divided by 38.
23
Calculate the remainder when 86 is divided by 53.
33
What is the remainder when 167 is divided by 89?
78
Calculate the remainder when 7628 is divided by 92.
84
Calculate the remainder when 1675 is divided by 43.
41
What is the remainder when 617 is divided by 12?
5
What is the remainder when 142 is divided by 41?
19
Calculate the remainder when 130 is divided by 44.
42
What is the remainder when 610 is divided by 73?
26
Calculate the remainder when 895 is divided by 216.
31
What is the remainder when 475 is divided by 22?
13
Calculate the remainder when 264 is divided by 6.
0
Calculate the remainder when 430 is divided by 12.
10
Calculate the remainder when 1320 is divided by 27.
24
What is the remainder when 875 is divided by 16?
11
What is the remainder when 371 is divided by 132?
107
What is the remainder when 1439 is divided by 62?
13
What is the remainder when 270 is divided by 22?
6
What is the remainder when 385 is divided by 109?
58
Calculate the remainder when 831 is divided by 73.
28
What is the remainder when 2713 is divided by 209?
205
Calculate the remainder when 391 is divided by 48.
7
Calculate the remainder when 759 is divided by 249.
12
What is the remainder when 319 is divided by 58?
29
What is the remainder when 413 is divided by 156?
101
Calculate the remainder when 1042 is divided by 80.
2
What is the remainder when 106 is divided by 36?
34
Calculate the remainder when 186 is divided by 32.
26
Calculate the remainder when 49 is divided by 26.
23
Calculate the remainder when 1474 is divided by 25.
24
Calculate the remainder when 763 is divided by 59.
55
Calculate the remainder when 1244 is divided by 413.
5
Calculate the remainder when 1094 is divided by 137.
135
Calculate the remainder when 339 is divided by 43.
38
Calculate the remainder when 766 is divided by 11.
7
What is the remainder when 1205 is divided by 71?
69
What is the remainder when 113 is divided by 36?
5
What is the remainder when 187 is divided by 29?
13
Calculate the remainder when 13405 is divided by 41.
39
What is the remainder when 6 is divided by 6?
0
What is the remainder when 271 is divided by 138?
133
Calculate the remainder when 212 is divided by 27.
23
What is the remainder when 11649 is divided by 191?
189
Calculate the remainder when 388 is divided by 98.
94
What is the remainder when 9873 is divided by 1097?
0
What is the remainder when 254 is divided by 80?
14
Calculate the remainder when 15 is divided by 3.
0
Calculate the remainder when 204 is divided by 10.
4
Calculate the remainder when 693 is divided by 61.
22
Calculate the remainder when 2409 is divided by 471.
54
What is the remainder when 1072 is divided by 3?
1
Calculate the remainder when 220 is divided by 71.
7
Calculate the remainder when 2699 is divided by 18.
17
Calculate the remainder when 95 is divided by 12.
11
What is the remainder when 7773 is divided by 169?
168
Calculate the remainder when 303 is divided by 208.
95
What is the remainder when 1623 is divided by 13?
11
Calculate the remainder when 12 is divided by 4.
0
What is the remainder when 4654 is divided by 19?
18
Calculate the remainder when 3549 is divided by 48.
45
What is the remainder when 206 is divided by 25?
6
Calculate the remainder when 456 is divided by 109.
20
Calculate the remainder when 384 is divided by 14.
6
Calculate the remainder when 284 is divided by 26.
24
What is the remainder when 88 is divided by 23?
19
What is the remainder when 255 is divided by 49?
10
Calculate the remainder when 2058 is divided by 172.
166
What is the remainder when 276 is divided by 50?
26
What is the remainder when 69 is divided by 1?
0
Calculate the remainder when 661 is divided by 74.
69
What is the remainder when 4723 is divided by 35?
33
What is the remainder when 295 is divided by 163?
132
Calculate the remainder when 765 is divided by 55.
50
Calculate the remainder when 1188 is divided by 14.
12
Calculate the remainder when 751 is divided by 13.
10
What is the remainder when 96 is divided by 25?
21
Calculate the remainder when 333 is divided by 24.
21
Calculate the remainder when 489 is divided by 124.
117
What is the remainder when 35 is divided by 26?
9
Calculate the remainder when 23065 is divided by 391.
387
Calculate the remainder when 144 is divided by 86.
58
Calculate the remainder when 128 is divided by 7.
2
Calculate the remainder when 244 is divided by 33.
13
What is the remainder when 417 is divided by 407?
10
Calculate the remainder when 171 is divided by 46.
33
Calculate the remainder when 2246 is divided by 25.
21
What is the remainder when 22944 is divided by 65?
64
Calculate the remainder when 249 is divided by 18.
15
Calculate the remainder when 426 is divided by 109.
99
Calculate the remainder when 597 is divided by 50.
47
What is the remainder when 622 is divided by 24?
22
Calculate the remainder when 487 is divided by 15.
7
What is the remainder when 460 is divided by 448?
12
What is the remainder when 56 is divided by 20?
16
Calculate the remainder when 324 is divided by 41.
37
Calculate the remainder when 75 is divided by 20.
15
What is the remainder when 239 is divided by 76?
11
What is the remainder when 482 is divided by 34?
6
Calculate the remainder when 36 is divided by 14.
8
Calculate the remainder when 4024 is divided by 115.
114
Calculate the remainder when 1840 is divided by 88.
80
What is the remainder when 3037 is divided by 39?
34
Calculate the remainder when 165 is divided by 83.
82
Calculate the remainder when 26 is divided by 3.
2
Calculate the remainder when 701 is divided by 235.
231
Calculate the remainder when 8055 is divided by 260.
255
What is the remainder when 1665 is divided by 23?
9
What is the remainder when 229 is divided by 144?
85
What is the remainder when 98 is divided by 94?
4
Calculate the remainder when 153 is divided by 11.
10
What is the remainder when 3712 is divided by 5?
2
What is the remainder when 32 is divided by 22?
10
Calculate the remainder when 284 is divided by 36.
32
Calculate the remainder when 5840 is divided by 99.
98
What is the remainder when 3243 is divided by 6?
3
What is the remainder when 2431 is divided by 32?
31
Calculate the remainder when 15117 is divided by 27.
24
Calculate the remainder when 803 is divided by 22.
11
What is the remainder when 29871 is divided by 16?
15
What is the remainder when 1322 is divided by 545?
232
Calculate the remainder when 1964 is divided by 335.
289
What is the remainder when 775 is divided by 41?
37
Calculate the remainder when 810 is divided by 87.
27
Calculate the remainder when 4613 is divided by 65.
63
Calculate the remainder when 3931 is divided by 57.
55
Calculate the remainder when 36 is divided by 23.
13
What is the remainder when 365 is divided by 75?
65
What is the remainder when 1083 is divided by 84?
75
What is the remainder when 69 is divided by 10?
9
What is the remainder when 18 is divided by 3?
0
Calculate the remainder when 1192 is divided by 48.
40
Calculate the remainder when 750 is divided by 127.
115
What is the remainder when 471 is divided by 28?
23
What is the remainder when 19647 is divided by 32?
31
C